 - q - 11 = 0, -2*n + 3*q + 2*q + 34 = 0. What is the units digit of j(n)?
5
Suppose 4*i + 2026 = 4*f + 7142, 0 = -3*i - 4*f + 3823. What is the thousands digit of i?
1
Suppose 0 = 18*g - 3*g - 16215. What is the thousands digit of g?
1
Let v be (1 - (0 - -3))*156. Let s = -172 - v. What is the units digit of s?
0
What is the thousands digit of (0 - 2)*9/(-18) - -4327?
4
Let i(t) = 2*t**2 + 3*t + 3. Let n be i(-5). Let f = 78 - n. Suppose 5*g + 2*w - f = 0, 2*g - 5*w + w - 40 = 0. What is the tens digit of g?
1
Suppose 2*v + 7*v + 54 = 0. What is the tens digit of 1 - -1 - (5 + v + -273)?
7
Let p = 29 - 34. What is the tens digit of p*((-4)/(-4) - 12)?
5
Suppose -27 = -b - 5*n, -2*n + 3 = 1. Let k = b + -11. Let p = k + 31. What is the tens digit of p?
4
Let a be 3 - (-4 + 2 - -3). Suppose -54 = -a*j - 4*t + 38, j + 3*t = 42. What is the tens digit of j?
5
Let i be (-5 + 10 - 6)*0. Suppose u + 2*g - 299 = i, -g + 3*g = 2*u - 568. What is the tens digit of u?
8
Suppose 0*z + 3*z = 12. Suppose -r - n = -z + 2, -1 = -3*r + 2*n. What is the units digit of r?
1
Let t(k) = -61*k**3 + 5*k**2 + 42*k. What is the thousands digit of t(-4)?
3
Suppose -3*p + 9 = 0, 5*p - 5 - 14 = -4*i. Let r = 23 + i. What is the units digit of r?
4
Suppose q + 5*c - 25 = 0, -2*c + 3*c = 5. Suppose 0 = 4*k + 4*v - 100, -2*k + 0*k + 3*v + 50 = q. What is the units digit of k?
5
What is the hundreds digit of (7554/(-18))/(7/(-21))?
2
Suppose 5*a + 8 = 3*u, 5*a - 2*a + 1 = -2*u. What is the units digit of u?
1
Let n(t) = t**3 + 19*t**2 + 18*t - 3. Let b be n(-18). Let u = 2 - 4. What is the units digit of ((-18)/b)/u + 33?
0
Let a = -9 + 11. Suppose -3*j = -2*x - x - 252, -184 = -a*j - 2*x. Let v = -63 + j. What is the tens digit of v?
2
Let h(i) = 244*i - 314. What is the tens digit of h(7)?
9
Let r(k) = 6*k**3 + 2*k - 2. Let l be (-14)/(-70) - (-4)/5. Let s be l - (1 + -2 - 0). What is the units digit of r(s)?
0
Suppose 1765 = 5*a - 4*o - 5564, 5*a = 3*o + 7328. What is the units digit of a?
5
Let z(f) = -37*f + 465. What is the tens digit of z(-14)?
8
Suppose 14476 - 2297 = 19*w. What is the tens digit of w?
4
Suppose -764 = -13*m + 9*m. What is the hundreds digit of m?
1
Suppose -o - 5*r + 972 = 0, -o + 956 = -0*o + r. Let y = o + -678. What is the hundreds digit of y?
2
Let j be 1/4 + 7813/(-52). Let k = 257 + j. What is the tens digit of k?
0
Let r(i) = i**2 - 3*i + 4. Let t be r(3). Suppose -j = t*j - 15. Suppose -4*f + 23 = -j*f. What is the tens digit of f?
2
Let h be 0/(-2 - -1 - 1). Let t be 6*((-3)/(-9) - h). What is the units digit of 3 + (-1 - t)/(-3)?
4
What is the units digit of (0 - 0) + 2853/9?
7
Let z(i) = -i - 5. Let l be z(-12). Suppose 3*v = l + 8. Suppose 2*s + v*u = 6*s - 109, -u - 27 = -s. What is the units digit of s?
6
Let h(c) = c**2 - 2*c - 3. Let r be h(3). Suppose r = 2*m - 255 - 111. What is the units digit of m?
3
Let z(o) = -2*o - 4. Let b be z(-5). Suppose -3*g - 342 = -b*g. What is the hundreds digit of g?
1
Let a be (-14)/49 - 33/7. Let s = 5 + a. Suppose 48 = 3*k - s*k. What is the units digit of k?
6
Let p(g) = 1 - 2*g + 2*g**3 + 6 - 3*g. What is the units digit of p(3)?
6
Let x be 4/8*-4 + -35. Let r = x + 114. What is the units digit of r?
7
Let g = 741 + -372. What is the units digit of g?
9
Let r be (2 - -1)/((-1)/(-6)). Let y = -13 - -27. What is the units digit of r/y - 4/14?
1
Let k(x) = -176*x - 766. What is the hundreds digit of k(-9)?
8
Let v(h) = h**2 - 5*h - 9. Let b be v(7). Suppose 4*g = -g - b. What is the tens digit of (3 + -2 + -12)/g?
1
Suppose 0 = 3*q - 10*q + 16870. What is the hundreds digit of q?
4
What is the tens digit of ((-2)/4)/((-4)/6376)?
9
Let v = 13814 - 8423. What is the units digit of v?
1
Suppose 377*s - 129 = 376*s. What is the tens digit of s?
2
Suppose -4330 = -6*f - 430. What is the hundreds digit of f?
6
Let x = 59 - 5. Suppose 53*f + 217 = x*f. What is the units digit of f?
7
Let g = -162 - -1109. What is the units digit of g?
7
Suppose 4*m + 56 = 5*r - 9, -5*r = -m - 20. Let v be 5/(m/12) - -11. Let c(a) = -a**2 + 7*a + 5. What is the units digit of c(v)?
5
Let x(p) = p**2 - 14*p + 8. Let o be x(9). Let q = o - -66. What is the units digit of q?
9
Let s(k) = 17*k**2 - 54*k + 14. What is the tens digit of s(9)?
0
Let v(q) = 2*q**2 + 25*q + 78. What is the units digit of v(-11)?
5
Suppose -13185 + 735 = -25*z. What is the units digit of z?
8
Let l(r) = -r**3 + 13*r**2 + 16*r - 14. Let w be -3*(-2)/((-24)/(-20)). Suppose -w = -i + 9. What is the tens digit of l(i)?
1
Suppose 25*d - 742 = 23*d. What is the tens digit of d?
7
Suppose -6 = -a - a. Suppose 5 = -5*f - a*i + 12, i = -3*f + 5. Suppose -f*y + 20 = -3*q + 1, 2*y = 2*q + 16. What is the units digit of y?
5
Let j = 5617 - 1747. What is the hundreds digit of j?
8
Suppose -4*m - 9852 = -2*j, -2*j + 3*m - 6*m + 9873 = 0. What is the thousands digit of j?
4
Let n be (0 - 4)/(-8)*4. Let v(g) = -31*g - 23*g + 21*g - n. What is the tens digit of v(-1)?
3
Let j(g) = -g**3 - 7*g**2 - 8*g - 8. Let l be j(-6). Suppose 5*u - 76 - 133 = l*x, -40 = -u - x. What is the tens digit of u?
4
Let w be (1 + 0)*(-21)/3. Suppose 0 = 3*u - 3*i + 48, -12 = u - 2*i + 6. What is the tens digit of (-8)/u + (-164)/w?
2
Suppose 18*i + 4653 = 20511. What is the units digit of i?
1
Suppose 912 + 98 = u. Suppose 4*w - 2*x - u = -3*x, -3*w = -x - 754. What is the tens digit of w?
5
Suppose -43*o + 14164 = -25310. What is the tens digit of o?
1
Let o(f) = 3*f**2 - f - 2. Let k be (-28)/20 + (-2)/(-5). Let h be o(k). What is the tens digit of -52*(-1 + h + -2)?
5
Suppose 0 = 3*t - 1801 + 220. Suppose 5*k - 206 = -3*x + t, 2*k - 289 = 3*x. What is the tens digit of k?
4
Let l = -4 - -13. Suppose -12 = -2*z + 5*w, -z - w + 5*w = -l. What is the units digit of 3 + -3 + 9/z?
9
Let k(p) = -6*p - 21. Let a be 90/(-12)*(-12)/(-15). Let t be k(a). What is the units digit of t/(-30)*8/(-2)?
2
Let y = -210 + 848. What is the hundreds digit of y?
6
Let n(w) = 3*w**3 + 4*w - 2. What is the units digit of n(6)?
0
Suppose 5*j = -4*z + 18 + 15, z - 12 = -2*j. Suppose -p - 5*c = 14, z*p = 3*c + 15 + 9. What is the tens digit of -69*((-2)/p - 0)?
2
Suppose 19*y - 20*y + 144 = 0. What is the hundreds digit of y?
1
Let l(m) = -3*m + 392. Let j be l(0). Suppose 19*o - j = 12*o. What is the units digit of o?
6
Suppose 3*i - 16*i = -6136. What is the units digit of i?
2
Suppose 3*o = -3*l - 147, 0 = -2*o + l - 1 - 97. Let n = o - -83. Suppose -n + 5 = -p. What is the tens digit of p?
2
Let c = 1241 + -330. What is the units digit of c?
1
Suppose 62767 = 33*r - 43526. What is the thousands digit of r?
3
Suppose -2*f - 138 + 2 = 0. What is the units digit of (11 - 12)*(f - 3)?
1
Let a(z) = -1 + 3 - 3 - 2*z. Let d(v) = v**2 - 2*v - 1. Let m(x) = -2*a(x) + 3*d(x). What is the tens digit of m(-3)?
3
Suppose -3*c + 2 = -2*c. Suppose 0*z + z + 21 = -4*m, -36 = c*z + 2*m. Let b = 19 - z. What is the tens digit of b?
3
Suppose -5*t = -2*j + 2711, 0 = 4*j - 2*t - 2540 - 2858. What is the tens digit of j?
4
Suppose -25*n = -18*n - 3549. What is the hundreds digit of n?
5
Suppose -3*r - 3*k + 171 + 1428 = 0, 2*r - 5*k = 1073. Suppose 0*i - 3*v = -3*i + r, -2*i = -4*v - 358. What is the hundreds digit of i?
1
Suppose 2*w + 3 = -w - 5*y, 3*w - 5*y - 27 = 0. Suppose -504 = -w*q - 8*q. What is the tens digit of q?
4
Suppose -5*k + 3*z = -10370 + 2390, 3*k + 2*z - 4788 = 0. What is the tens digit of k?
9
Let s(j) = j. Let u(f) = -3*f - 13. Let r(k) = 5*s(k) + u(k). Let t be r(8). What is the units digit of t/4 - 264/(-32)?
9
Let o = -2629 - -3710. What is the units digit of o?
1
Let h = -737 - -1506. What is the hundreds digit of h?
7
Let h be (3 - 3)/(9/(-3)). Suppose -t = -5*k - 20, 2 = k - h. Suppose 2*s - t = -3*s. What is the units digit of s?
6
Suppose -38*w = -76*w + 28690. What is the hundreds digit of w?
7
Let y be (4 - (8 - 3))*-31. Let n(o) = 11*o**2 + 2*o - 1. Let r be n(1). Let x = y - r. What is the tens digit of x?
1
Let g(i) = 2*i**2 + 6*i + 12. Let q be g(-3). What is the units digit of (344/(-12))/((-2)/q)?
2
Suppose 0 = -c - 0*c + 5. Suppose 3*b = c*z - 1, 0 = 3*z - 0*z - 6. Suppose b*d - 4*u - 131 = 0, -3*d - 5*u + 96 = -2*u. What is the tens digit of d?
3
Suppose -5*z + 2*h + 97 + 99 = 0, 4*